 divisor of 472 and 8?
8
Calculate the highest common divisor of 70 and 61670.
70
What is the greatest common divisor of 390 and 234?
78
Calculate the highest common factor of 17131 and 74.
37
What is the highest common divisor of 3335 and 23?
23
What is the greatest common factor of 5131 and 7?
7
What is the highest common factor of 14 and 238?
14
What is the greatest common factor of 1666 and 34?
34
What is the greatest common divisor of 22 and 8?
2
Calculate the highest common divisor of 1044 and 348.
348
What is the greatest common factor of 96 and 9?
3
What is the greatest common divisor of 1 and 85?
1
Calculate the highest common divisor of 5 and 8195.
5
Calculate the highest common factor of 160 and 20.
20
What is the greatest common factor of 124 and 620?
124
Calculate the highest common factor of 16 and 104.
8
Calculate the greatest common divisor of 30 and 90.
30
Calculate the highest common divisor of 3641 and 11.
11
What is the greatest common divisor of 375 and 50?
25
What is the highest common divisor of 144 and 4608?
144
Calculate the greatest common factor of 28 and 56.
28
What is the greatest common divisor of 16520 and 280?
280
What is the highest common factor of 10 and 8?
2
What is the highest common divisor of 780 and 210?
30
Calculate the greatest common divisor of 153 and 99.
9
What is the highest common divisor of 514 and 1?
1
Calculate the greatest common divisor of 432 and 1107.
27
Calculate the highest common factor of 511 and 7.
7
What is the highest common factor of 10 and 10?
10
What is the highest common factor of 95 and 3781?
19
What is the highest common divisor of 43162 and 14?
14
Calculate the highest common divisor of 16 and 224.
16
What is the greatest common factor of 49 and 623?
7
What is the highest common factor of 432 and 192?
48
What is the greatest common factor of 210 and 42?
42
What is the greatest common divisor of 57102 and 186?
186
What is the greatest common divisor of 7160 and 80?
40
Calculate the greatest common factor of 294 and 672.
42
Calculate the highest common factor of 4335 and 34.
17
What is the highest common factor of 24 and 128?
8
Calculate the greatest common divisor of 1290 and 602.
86
What is the highest common factor of 288 and 63?
9
Calculate the greatest common divisor of 24 and 768.
24
Calculate the highest common factor of 861 and 246.
123
Calculate the highest common factor of 9 and 2061.
9
What is the highest common divisor of 462 and 24?
6
Calculate the greatest common divisor of 96 and 1392.
48
What is the highest common divisor of 3200 and 460?
20
Calculate the greatest common divisor of 39 and 10023.
39
Calculate the highest common factor of 18775 and 25.
25
What is the greatest common divisor of 51 and 663?
51
What is the highest common factor of 968 and 44?
44
Calculate the greatest common factor of 319 and 232.
29
Calculate the highest common divisor of 696 and 48.
24
What is the greatest common factor of 62 and 961?
31
Calculate the highest common divisor of 259 and 1739.
37
Calculate the greatest common factor of 945 and 70.
35
Calculate the greatest common factor of 7007 and 52.
13
What is the highest common divisor of 69 and 33?
3
What is the highest common factor of 768 and 9728?
256
Calculate the greatest common factor of 30 and 29490.
30
Calculate the highest common factor of 3401 and 19.
19
What is the highest common divisor of 103509 and 279?
279
Calculate the greatest common factor of 280 and 210.
70
Calculate the highest common factor of 132 and 816.
12
Calculate the greatest common divisor of 3165 and 15.
15
What is the greatest common divisor of 630 and 70?
70
What is the greatest common factor of 44112 and 48?
48
What is the highest common factor of 18 and 58?
2
Calculate the highest common divisor of 82 and 22.
2
What is the highest common factor of 57 and 152?
19
Calculate the greatest common factor of 176 and 38016.
176
Calculate the highest common divisor of 36880 and 32.
16
Calculate the highest common divisor of 59544 and 18.
18
What is the highest common factor of 100 and 380?
20
Calculate the greatest common divisor of 20 and 12.
4
What is the greatest common factor of 6900 and 400?
100
What is the highest common divisor of 21 and 2107?
7
What is the greatest common factor of 28 and 1964?
4
What is the greatest common factor of 26 and 2054?
26
Calculate the highest common divisor of 2214 and 36.
18
What is the highest common factor of 11155 and 230?
115
Calculate the greatest common divisor of 370 and 10.
10
What is the highest common factor of 8 and 16?
8
What is the greatest common divisor of 41 and 656?
41
Calculate the greatest common divisor of 816 and 153.
51
What is the highest common factor of 396 and 3465?
99
Calculate the highest common divisor of 14 and 2422.
14
What is the highest common divisor of 11 and 979?
11
What is the highest common divisor of 38 and 4465?
19
Calculate the highest common factor of 36 and 3087.
9
What is the greatest common factor of 2520 and 56?
56
What is the highest common factor of 131 and 2?
1
What is the greatest common divisor of 31 and 403?
31
Calculate the greatest common factor of 327 and 21.
3
What is the highest common factor of 7 and 7?
7
Calculate the highest common factor of 156 and 6630.
78
What is the highest common factor of 9 and 12?
3
Calculate the highest common divisor of 36 and 31086.
18
What is the greatest common divisor of 1560 and 234?
78
Calculate the highest common factor of 168 and 791.
7
What is the greatest common factor of 12 and 96?
12
What is the highest common factor of 64 and 664?
8
Calculate the greatest common factor of 196 and 14.
14
Calculate the highest common factor of 66 and 110.
22
Calculate the greatest common divisor of 132 and 4818.
66
What is the greatest common divisor of 136 and 40?
8
Calculate the highest common factor of 27 and 2943.
27
What is the greatest common factor of 822 and 24?
6
What is the highest common divisor of 4203 and 9?
9
Calculate the greatest common factor of 16 and 112.
16
Calculate the highest common divisor of 66 and 1518.
66
Calculate the highest common divisor of 2678 and 3914.
206
Calculate the highest common factor of 62 and 155.
31
What is the highest common divisor of 360 and 72?
72
Calculate the greatest common factor of 1853 and 218.
109
Calculate the greatest common factor of 14 and 56.
14
What is the greatest common divisor of 24 and 2220?
12
Calculate the greatest common divisor of 10444 and 42.
14
Calculate the greatest common factor of 35982 and 18.
18
What is the greatest common factor of 17 and 3009?
17
What is the highest common divisor of 160 and 10?
10
Calculate the highest common factor of 172 and 8.
4
Calculate the greatest common divisor of 12 and 432.
12
Calculate the greatest common divisor of 5994 and 162.
162
Calculate the greatest common factor of 72 and 552.
24
What is the highest common divisor of 96 and 174?
6
What is the highest common factor of 24 and 924?
12
Calculate the greatest common factor of 387 and 473.
43
Calculate the highest common divisor of 162 and 122634.
162
What is the greatest common factor of 41 and 1189?
41
What is the highest common factor of 13 and 3757?
13
Calculate the highest common factor of 240 and 75.
15
Calculate the greatest common divisor of 2 and 361.
1
What is the highest common factor of 3872 and 22?
22
What is the highest common divisor of 224 and 1050?
14
Calculate the highest common divisor of 126 and 288.
18
What is the highest common factor of 29 and 291?
1
Calculate the highest common divisor of 1372 and 308.
28
Calculate the highest common factor of 374 and 22.
22
Calculate the greatest common divisor of 21 and 357.
21
What is the highest common divisor of 6 and 1306?
2
Calculate the greatest common factor of 31749 and 57.
57
Calculate the greatest common divisor of 2 and 10.
2
Calculate the greatest common divisor of 12440 and 40.
40
What is the highest common divisor of 40 and 170?
10
What is the highest common divisor of 13 and 8047?
13
Calculate the greatest common factor of 182 and 14.
14
Calculate the highest common factor of 238 and 28.
14
Calculate the highest common factor of 3335 and 145.
145
What is the highest common factor of 4966 and 13?
13
Calcul